 45*c**2 + 163*c + 3167. Give i(-23).
-53
Let w(l) = -15*l - 9. What is w(-2)?
21
Let u(g) = g**3 + 52*g**2 + 480*g - 79. Give u(-40).
-79
Let x(f) = -f**3 - 12*f**2 - 27*f + 11. Determine x(-9).
11
Let z(l) = 183*l + 1653. Calculate z(-9).
6
Let g(o) = -4*o**2 + 17*o - 12. Calculate g(3).
3
Let m(s) = -s**3 - 71*s**2 - 69*s + 66. Calculate m(-70).
-4
Let n(k) = 7*k + 48. Calculate n(-7).
-1
Let k(t) = -2*t**3 - 97*t**2 + 471*t - 315. Give k(-53).
3
Let o(u) = -9*u**3 - 125*u**2 + 18*u + 66. Calculate o(-14).
10
Let c(i) = -5*i**3 + 14*i + 11. Determine c(2).
-1
Let g(s) = s**2 + 33*s - 1628. Give g(27).
-8
Let h(b) = -83*b - 6314. Calculate h(-76).
-6
Let u(s) = s**3 + 9*s**2 + 6*s - 6. Give u(-9).
-60
Let u(j) = j**3 + 4*j**2 + 20*j + 81. Calculate u(-4).
1
Let j(s) = 6372*s + 121071. Determine j(-19).
3
Let x(v) = -124*v**2 - 739*v + 3. What is x(-6)?
-27
Let l(v) = v**2 - 20*v + 96. Determine l(7).
5
Let o(a) = a**3 + 15*a**2 + 51*a - 28. Give o(-7).
7
Let h(b) = -b**2 + 127*b - 615. Give h(5).
-5
Let k(q) = 54*q**2 - 118*q + 239. Give k(2).
219
Let u(c) = 3*c**3 - 3*c**2 - 2*c + 223. Determine u(0).
223
Let z(i) = -3*i**3 - 46*i**2 + 81*i - 110. Determine z(-17).
-42
Let z(p) = 9797*p - 39186. Give z(4).
2
Let m(d) = -d**2 + 14*d + 41. Determine m(-8).
-135
Let l(t) = -4*t**3 - 258*t**2 - 129*t - 68. Calculate l(-64).
-4
Let d(k) = -2*k - 629. What is d(-24)?
-581
Let f(u) = -2*u**2 + 50*u - 173. What is f(4)?
-5
Let x(p) = 243*p**2 + 2426*p - 29. Determine x(-10).
11
Let x(v) = v**3 - 82*v**2 + 1665*v + 511. What is x(43)?
-5
Let h(s) = -s**3 + 18*s**2 - 14*s + 72. What is h(18)?
-180
Let s(l) = -l**3 - 19*l**2 - 123*l + 36. Give s(-9).
333
Let g(f) = 126*f**2 + 393*f + 44. Determine g(-3).
-1
Let i(a) = 4*a**3 - 29*a**2 - 22*a + 56. Give i(8).
72
Let z(r) = -494*r - 5. What is z(0)?
-5
Let c(b) = 2*b**2 - 189*b - 14632. Calculate c(145).
13
Let c(w) = 518*w - 5173. Calculate c(10).
7
Let t(i) = -i**2 + 699*i + 49662. Give t(-65).
2
Let w(l) = l**3 + 32*l**2 - 36*l - 97. Give w(-33).
2
Let f(h) = -h**3 + 56*h**2 + 119*h - 97. What is f(58)?
77
Let i(l) = -l**2 + 25*l + 71. What is i(28)?
-13
Let m(k) = -33*k + 122. Determine m(4).
-10
Let d(j) = -2277*j**2 + 4568*j - 1. Calculate d(2).
27
Let p(t) = 14*t - 94. Determine p(10).
46
Let a(b) = 2*b**2 - 20*b + 70. What is a(5)?
20
Let w(v) = 2889*v - 2864. Give w(1).
25
Let t(f) = 2*f**2 + 31*f + 66. Determine t(-13).
1
Let n(p) = p**3 - 13*p**2 + 35*p - 19. Give n(8).
-59
Let r(a) = a**3 + 6*a**2 - 4*a + 29. Give r(-7).
8
Let n(p) = -7*p**2 - 32*p - 36. Determine n(-2).
0
Let m(y) = -145*y - 285. Determine m(-2).
5
Let n(v) = v**3 + 13*v**2 + 4*v - 59. What is n(-12)?
37
Let x(y) = -2*y**3 + 22*y - 85. What is x(3)?
-73
Let a(m) = -45*m + 1412. Give a(32).
-28
Let l(g) = -g**3 - 20*g**2 - 93*g + 52. Give l(-9).
-2
Let u(v) = -865*v - 53627. What is u(-62)?
3
Let f(m) = -m**3 - 49*m**2 - 184*m - 169. What is f(-45)?
11
Let v(u) = -13*u - 38. Calculate v(-3).
1
Let k(t) = -35*t**2 + 194*t - 214. Calculate k(3).
53
Let z(a) = -a**3 - 20*a**2 + 129*a. What is z(5)?
20
Let o(r) = -429*r + 438. Determine o(1).
9
Let i(n) = -175*n - 31. Determine i(0).
-31
Let s(m) = -275*m + 3790. Calculate s(14).
-60
Let q(x) = x**3 + 7*x**2 - 597*x - 2409. Determine q(-4).
27
Let f(c) = -c**2 - 28*c + 462. Give f(12).
-18
Let r(s) = -s**3 - 27*s**2 - 69*s + 33. What is r(-24)?
-39
Let y(p) = -6*p - 60. Give y(-8).
-12
Let n(p) = -11*p + 442. Give n(41).
-9
Let z(t) = 31*t - 625. Calculate z(26).
181
Let u(z) = -3*z**3 - 7*z**2 - 12*z - 10. Determine u(-5).
250
Let z(r) = -6*r - 287. Give z(-47).
-5
Let w(k) = -6*k**2 + 37*k + 136. Calculate w(-3).
-29
Let h(b) = -123*b**2 - 4*b + 4. What is h(1)?
-123
Let f(q) = 5*q**2 + 2*q + 125. Determine f(0).
125
Let j(w) = -367*w - 1840. Calculate j(-5).
-5
Let n(h) = -2*h**2 - 63*h + 4. Calculate n(-29).
149
Let y(i) = 256*i - 7436. Give y(29).
-12
Let p(q) = 2*q**3 + 240*q**2 + 242*q + 488. Determine p(-119).
12
Let o(f) = 3*f**2 - 31*f - 59. What is o(11)?
-37
Let l(z) = -826*z - 4965. Give l(-6).
-9
Let m(h) = 10760*h + 107607. Determine m(-10).
7
Let k(g) = -76*g + 435. Determine k(5).
55
Let d(n) = -159*n + 366. What is d(2)?
48
Let y(w) = 65*w + 217. Calculate y(-5).
-108
Let h(t) = -t**3 - 79*t**2 - 96*t - 1529. Determine h(-78).
-125
Let z(b) = 2*b**3 + 4*b**2 - 167*b - 696. Calculate z(-4).
-92
Let d(n) = -n**3 - 60*n**2 - 31*n - 1865. What is d(-60)?
-5
Let o(y) = -256*y + 35. What is o(-1)?
291
Let j(v) = -12*v**2 - 75*v - 29. Give j(-7).
-92
Let p(b) = 56*b - 145. Determine p(3).
23
Let b(k) = 409*k - 2653. Determine b(7).
210
Let v(j) = j**3 + 15*j**2 - 24*j - 124. Give v(-16).
4
Let f(t) = t**3 - 33*t**2 + 105. What is f(33)?
105
Let r(l) = -l**2 - 47*l - 120. Calculate r(-42).
90
Let z(a) = 32*a - 49. Determine z(3).
47
Let y(o) = o**2 - 350*o - 1783. What is y(-5)?
-8
Let z(v) = -v**2 - 17*v + 17. Determine z(0).
17
Let n(t) = -t**3 - 15*t**2 + 119*t - 173. Give n(4).
-1
Let i(n) = 2*n**2 + 67*n + 190. Give i(-3).
7
Let p(f) = 2*f**3 + 3*f**2 + 2*f + 19. Give p(-4).
-69
Let b(y) = -33*y + 1826. Calculate b(54).
44
Let w(r) = -r**3 + 15*r**2 - 9*r - 7. Determine w(14).
63
Let m(t) = 783*t - 10186. What is m(13)?
-7
Let q(j) = -6*j - 327. What is q(-54)?
-3
Let p(z) = -3*z**2 - 22*z - 44. Give p(-4).
-4
Let u(o) = -o**3 + 9*o**2 + 14*o - 50. Calculate u(4).
86
Let r(v) = 2329*v - 39580. Give r(17).
13
Let y(w) = -221*w + 5310. What is y(24)?
6
Let o(y) = y**3 + 2*y**2 - 38*y + 11. Give o(5).
-4
Let y(j) = -j**3 + 2*j**2 + 2229*j - 9. Give y(0).
-9
Let f(o) = o**3 + 96*o**2 + 395*o + 104. What is f(-4)?
-4
Let t(j) = -20*j**2 - 1286*j - 385. Calculate t(-64).
-1
Let j(d) = 69*d - 151. Calculate j(4).
125
Let a(n) = 95*n**3 + 2*n**2 + 10*n + 9. Calculate a(-1).
-94
Let p(i) = 3699*i - 7401. Calculate p(2).
-3
Let l(t) = 4*t - 4. Give l(1).
0
Let i(c) = c**3 + 4*c**2 - 20*c - 55. Determine i(-4).
25
Let h(g) = -12*g**2 - 146*g + 78. Calculate h(-12).
102
Let r(s) = -337*s**2 - 55607*s - 318. Determine r(-165).
12
Let v(g) = g**3 - 77*g**2 + 162*g - 863. Give v(75).
37
Let p(s) = -s**3 + 4*s**2 + 23*s - 191. Give p(5).
-101
Let k(x) = x**2 + 1517*x + 226632. Determine k(-168).
0
Let l(o) = 17*o**2 - 37*o + 68. Determine l(2).
62
Let x(z) = -10*z + 185. Give x(18).
5
Let t(c) = 124*c - 9922. Calculate t(80).
-2
Let k(r) = 79*r + 31. Determine k(0).
31
Let n(t) = -8*t**3 + 140*t**2 - 67*t - 1. Calculate n(17).
16
Let p(o) = -o**2 + 74*o - 1922. Determine p(50).
-722
Let i(m) = m**3 - 29*m**2 - 2982*m + 6. Calculate i(-42).
6
Let l(n) = 29*n - 714. Give l(23).
-47
Let d(m) = -104*m + 10. What is d(-1)?
114
Let v(m) = -151*m + 294. Calculate v(2).
-8
Let h(g) = g**3 + 66*g**2 + 217*g - 5370. Determine h(-61).
-2
Let l(k) = 51*k - 971. Determine l(19).
-2
Let i(p) = 26*p - 10. What is i(3)?
68
Let l(g) = -g**3 + 34*g**2 - g - 189. Determine l(34).
-223
Let w(v) = -175*v + 534. What is w(3)?
9
Let g(v) = -421*v + 11721. Determine g(28).
-67
Let k(q) = -304*q + 8185. Calculate k(27).
-23
Let l(f) = -63*f - 3993. What is l(-64)?
39
Let x(f) = f**2 - 28. What is x(3)?
-19
Let f(c) = -32141*c - 578543. Give f(-18).
-5
Let o(g) = -g**2 + 73*g - 77. Calculate o(70).
133
Let x(g) = g**2 + 5123*g - 61617. Determine x(12).
3
Let h(l) = -2*l**2 - 42*l - 175. Calculate h(-12).
41
Let s(q) = 2*q**2 + 5*q - 104. Determine s(-8).
-16
Let k(x) = 3*x**2 - 2639*x - 5281. What is k(-2)?
9
Let m(z) = 412*z + 99. What is m(2)?
923
Let q(n) = -3*n**2 + 156*n - 922. Calculate q(7).
23
Let r(o) = 713*o + 73438. Calculate r(-103).
-1
Let c(n) = -6*n**3 + 5*n**2 - 22*n - 28. Determine c(-1).
5
Let t(y) = y**3 - 16*y**2 + 11*y - 95. Calculate t(16).
81
Let y(t) = -13952*t - 11. Give y(0).
-11
Let c(g) = 52*g**2 - 3*g + 9. Give c(2).
211
Let c(a) = -32*a**2 + 706*a + 691. Give c(23).
1
Let x(m) = -3*m**2 + 14*m - 38. Determine x(7).
-87
Let v(w) = -w**3 - 45*w**2 + 2*w - 4176. What is v(-47)?
148
Let o(v) = v**3 + 53*v**2 + 258*v + 866. What is o(-48)?
2
Let t(p) = 4*p**3 + 27*p**2 - 5*p + 8. Give t(-6).
146
Let z(d) = -5*d - 66. Calculate z(30).
-216
Let s(q) = 4*q + 8. What is s(-27)?
-100
Let v(j) = 131*j - 1169. Calculate v(9).
10
Let g(n) = -n**3 - 44*n**2 + 17*n - 1195. Give g(-45).